atest common divisor of 855 and 90?
45
What is the greatest common factor of 160 and 100?
20
What is the highest common factor of 24 and 3372?
12
What is the greatest common divisor of 7206 and 6?
6
Calculate the greatest common divisor of 9 and 99.
9
What is the greatest common factor of 11 and 44?
11
Calculate the highest common factor of 12 and 348.
12
Calculate the highest common divisor of 77 and 7777.
77
What is the greatest common divisor of 102 and 2346?
102
Calculate the greatest common factor of 11917 and 17.
17
What is the greatest common divisor of 1972 and 1769?
29
Calculate the greatest common factor of 737 and 33.
11
What is the highest common divisor of 64 and 10?
2
Calculate the highest common divisor of 20 and 525.
5
What is the highest common factor of 55 and 176?
11
What is the greatest common factor of 98 and 4606?
98
Calculate the highest common divisor of 14 and 322.
14
What is the highest common factor of 1356 and 108?
12
What is the greatest common divisor of 12 and 852?
12
Calculate the greatest common factor of 189 and 6573.
21
What is the greatest common divisor of 28 and 217?
7
Calculate the greatest common divisor of 837 and 3627.
279
Calculate the greatest common factor of 2812 and 518.
74
Calculate the greatest common divisor of 8 and 72.
8
Calculate the highest common factor of 11 and 8459.
11
Calculate the greatest common factor of 12716 and 44.
44
Calculate the highest common divisor of 1984 and 31.
31
Calculate the greatest common factor of 1860 and 300.
60
Calculate the greatest common divisor of 1740 and 377.
29
What is the greatest common factor of 144 and 8?
8
What is the greatest common factor of 59 and 51?
1
What is the greatest common factor of 10 and 238?
2
What is the greatest common divisor of 11 and 16478?
11
What is the greatest common factor of 6 and 250?
2
What is the greatest common factor of 7 and 7?
7
Calculate the greatest common factor of 88 and 154.
22
What is the greatest common divisor of 42 and 798?
42
Calculate the greatest common divisor of 30 and 46530.
30
Calculate the greatest common factor of 168 and 1106.
14
Calculate the highest common factor of 26 and 611.
13
Calculate the greatest common factor of 1024 and 96.
32
What is the greatest common factor of 2967 and 1518?
69
Calculate the greatest common divisor of 2816 and 176.
176
What is the highest common factor of 690 and 36?
6
What is the greatest common factor of 3675 and 75?
75
What is the greatest common factor of 162 and 2088?
18
What is the greatest common divisor of 95 and 1945?
5
Calculate the greatest common factor of 34 and 221.
17
Calculate the highest common factor of 981 and 218.
109
What is the greatest common divisor of 1533 and 146?
73
What is the highest common factor of 16 and 556?
4
Calculate the greatest common divisor of 6027 and 35.
7
Calculate the greatest common factor of 6436 and 4.
4
Calculate the greatest common divisor of 256 and 162.
2
Calculate the greatest common factor of 4763 and 33.
11
What is the greatest common divisor of 1168 and 219?
73
What is the highest common divisor of 665 and 28?
7
Calculate the highest common divisor of 234 and 182.
26
Calculate the greatest common divisor of 77 and 1716.
11
Calculate the highest common factor of 209 and 176.
11
What is the greatest common divisor of 24 and 9948?
12
Calculate the greatest common factor of 6517 and 19.
19
Calculate the highest common divisor of 515 and 245.
5
What is the highest common factor of 208 and 52?
52
Calculate the greatest common divisor of 140 and 42.
14
What is the greatest common divisor of 1540 and 1960?
140
What is the greatest common divisor of 150 and 930?
30
Calculate the greatest common factor of 63 and 18.
9
What is the highest common divisor of 72 and 168?
24
Calculate the greatest common divisor of 1412 and 20.
4
Calculate the greatest common factor of 4202 and 66.
22
What is the greatest common divisor of 24721 and 59?
59
Calculate the highest common factor of 2233 and 8729.
203
Calculate the greatest common divisor of 370 and 40.
10
Calculate the highest common divisor of 136 and 28152.
136
Calculate the highest common factor of 12 and 27.
3
Calculate the highest common divisor of 5663 and 77.
7
What is the greatest common divisor of 1225 and 49?
49
Calculate the greatest common factor of 22 and 48136.
22
What is the greatest common divisor of 8 and 16?
8
Calculate the greatest common factor of 1740 and 120.
60
Calculate the greatest common factor of 20 and 340.
20
Calculate the highest common divisor of 920 and 2840.
40
What is the greatest common divisor of 2727 and 27?
27
What is the highest common divisor of 352 and 16?
16
Calculate the greatest common divisor of 268 and 4.
4
Calculate the highest common factor of 264 and 5088.
24
What is the greatest common factor of 240 and 560?
80
Calculate the greatest common divisor of 21 and 5271.
21
Calculate the highest common factor of 3122 and 14.
14
Calculate the highest common divisor of 441 and 135.
9
What is the highest common divisor of 322 and 2226?
14
What is the greatest common factor of 3 and 93?
3
What is the greatest common factor of 3 and 183?
3
What is the greatest common divisor of 2500 and 1750?
250
Calculate the greatest common factor of 72 and 64.
8
What is the highest common factor of 54 and 12?
6
Calculate the greatest common factor of 1989 and 612.
153
Calculate the greatest common factor of 2460 and 60.
60
What is the highest common divisor of 192 and 992?
32
What is the greatest common divisor of 820 and 3485?
205
Calculate the highest common factor of 2 and 218.
2
What is the highest common factor of 32 and 88?
8
Calculate the greatest common factor of 216 and 8.
8
What is the highest common factor of 2416 and 2?
2
What is the greatest common divisor of 30 and 4090?
10
What is the highest common divisor of 42 and 756?
42
Calculate the greatest common divisor of 99 and 2409.
33
What is the highest common divisor of 23 and 1127?
23
Calculate the greatest common factor of 264 and 66.
66
What is the highest common divisor of 2116 and 8?
4
Calculate the greatest common divisor of 3724 and 8.
4
What is the highest common divisor of 15 and 695?
5
What is the greatest common divisor of 128 and 496?
16
Calculate the greatest common divisor of 62 and 4681.
31
What is the highest common divisor of 16 and 12?
4
What is the highest common factor of 16 and 1336?
8
What is the highest common divisor of 11712 and 61?
61
What is the greatest common divisor of 112 and 736?
16
Calculate the highest common factor of 910 and 1950.
130
What is the greatest common factor of 377 and 1102?
29
What is the highest common factor of 13 and 1053?
13
What is the greatest common factor of 14 and 6678?
14
What is the highest common divisor of 520 and 1180?
20
What is the greatest common factor of 238 and 4539?
17
What is the highest common divisor of 10 and 6245?
5
Calculate the highest common divisor of 423 and 279.
9
Calculate the greatest common divisor of 42 and 147.
21
What is the highest common factor of 15197 and 668?
167
What is the highest common factor of 240 and 165?
15
Calculate the highest common divisor of 37 and 2183.
37
What is the highest common divisor of 14 and 98?
14
Calculate the highest common factor of 2950 and 118.
118
What is the greatest common divisor of 45 and 207?
9
What is the highest common factor of 59 and 295?
59
What is the highest common divisor of 2892 and 8?
4
What is the highest common factor of 342 and 9766?
38
What is the greatest common factor of 12 and 148?
4
What is the highest common factor of 2047 and 23?
23
What is the greatest common factor of 74 and 2183?
37
Calculate the greatest common divisor of 288 and 117.
9
What is the highest common divisor of 37972 and 88?
44
Calculate the highest common divisor of 60 and 1230.
30
Calculate the highest common divisor of 39 and 13000.
13
Calculate the greatest common factor of 162 and 2034.
18
What is the greatest common factor of 768 and 25088?
256
Calculate the greatest common divisor of 158 and 9638.
158
Calculate the greatest common factor of 325 and 675.
25
Calculate the highest common divisor of 2812 and 76.
76
What is the highest common factor of 279 and 45?
9
What is the gr